38431 composite?
False
Is 39139 a prime number?
True
Is 407 a prime number?
False
Is 20089 a composite number?
False
Is 80849 composite?
False
Is 74491 a composite number?
True
Is 29594 a prime number?
False
Is 94702 a composite number?
True
Is 305471 a composite number?
False
Is 72997 a composite number?
False
Is 3271 prime?
True
Is 51217 prime?
True
Is 36629 composite?
False
Is 20245 composite?
True
Is 77 composite?
True
Is 48017 composite?
False
Is 281053 prime?
True
Is 3569 prime?
False
Is 29713 a composite number?
True
Is 85231 composite?
True
Is 2971 a composite number?
False
Is 114467 prime?
True
Is 311279 prime?
True
Is 410147 a composite number?
True
Is 115201 a composite number?
False
Is 1070279 prime?
False
Is 7214 a composite number?
True
Is 662543 prime?
False
Is 669971 composite?
False
Is 186457 prime?
False
Is 3691 composite?
False
Is 21137 composite?
True
Is 2323349 a prime number?
False
Is 18481 a prime number?
True
Is 265 prime?
False
Is 18979 a prime number?
True
Is 47239 composite?
True
Is 495329 a prime number?
False
Is 77879 a composite number?
True
Is 3622 prime?
False
Is 562141 prime?
False
Is 126989 composite?
False
Is 11717 prime?
True
Is 13001 prime?
True
Is 51242 composite?
True
Is 7573 a composite number?
False
Is 8035 a prime number?
False
Is 142867 a prime number?
True
Is 429431 a composite number?
False
Is 2498083 composite?
True
Is 12071 prime?
True
Is 622023 composite?
True
Is 2722 a composite number?
True
Is 89151 prime?
False
Is 3433 prime?
True
Is 31687 a composite number?
False
Is 461843 composite?
False
Is 12421 prime?
True
Is 116047 composite?
False
Is 28751 composite?
False
Is 66047 a prime number?
True
Is 649 prime?
False
Is 5482 a prime number?
False
Is 493 prime?
False
Is 78773 prime?
False
Is 819865 a prime number?
False
Is 21598 prime?
False
Is 59834 composite?
True
Is 857929 a composite number?
False
Is 3559 prime?
True
Is 923641 prime?
True
Is 218458 prime?
False
Is 15961 prime?
False
Is 226363 a prime number?
False
Is 253133 a composite number?
False
Is 4647 a prime number?
False
Is 66029 composite?
False
Is 14179 prime?
False
Is 4883 a prime number?
False
Is 533671 a composite number?
False
Is 135895 a prime number?
False
Is 1082881 prime?
True
Is 98497 a composite number?
True
Is 8147 a composite number?
False
Is 70051 a prime number?
True
Is 4177 composite?
False
Is 30071 composite?
False
Is 5561 a composite number?
True
Is 10589 a prime number?
True
Is 8663 a prime number?
True
Is 5447 composite?
True
Is 3989 composite?
False
Is 71063 a prime number?
False
Is 1138313 a composite number?
True
Is 114566 composite?
True
Is 69655 prime?
False
Is 904853 a composite number?
True
Is 131731 a composite number?
False
Is 110509 composite?
True
Is 926753 a composite number?
True
Is 712831 a prime number?
False
Is 63295 composite?
True
Is 307 composite?
False
Is 45143 a composite number?
True
Is 175039 prime?
True
Is 7115 a prime number?
False
Is 529471 a composite number?
False
Is 11777 a prime number?
True
Is 56755 prime?
False
Is 73913 a composite number?
True
Is 10243 a composite number?
False
Is 816241 a composite number?
True
Is 92921 prime?
True
Is 8147 composite?
False
Is 174877 a prime number?
True
Is 23723 a composite number?
True
Is 69503 a composite number?
True
Is 107761 a prime number?
True
Is 8039 a prime number?
True
Is 91367 prime?
True
Is 9289 a prime number?
False
Is 7721 composite?
True
Is 124801 composite?
True
Is 7121 a composite number?
False
Is 5557 a prime number?
True
Is 24899 a prime number?
False
Is 92339 a composite number?
True
Is 112673 a prime number?
False
Is 13561 prime?
False
Is 1044569 a prime number?
True
Is 158857 a prime number?
False
Is 51565 a prime number?
False
Is 20287 prime?
True
Is 6947 a composite number?
False
Is 19799 a prime number?
False
Is 1440857 a prime number?
False
Is 54293 prime?
True
Is 319849 a prime number?
True
Is 30931 a prime number?
True
Is 1234 composite?
True
Is 15439 composite?
False
Is 3251 composite?
False
Is 635261 a composite number?
True
Is 902753 a prime number?
True
Is 189053 prime?
False
Is 863165 prime?
False
Is 45119 a composite number?
False
Is 10123 a composite number?
True
Is 133051 composite?
False
Is 57413 composite?
False
Is 335771 a composite number?
False
Is 236337 composite?
True
Is 485627 composite?
True
Is 34147 composite?
False
Is 1632767 a prime number?
True
Is 178001 a composite number?
False
Is 14939 composite?
False
Is 111319 composite?
True
Is 48631 composite?
True
Is 378439 composite?
False
Is 7113 a composite number?
True
Is 115337 prime?
True
Is 35759 a composite number?
False
Is 19693 composite?
True
Is 182051 composite?
True
Is 46651 composite?
True
Is 10007 prime?
True
Is 144629 a composite number?
False
Is 4105 a prime number?
False
Is 244177 a prime number?
True
Is 8641 a prime number?
True
Is 787 a composite number?
False
Is 11539 a prime number?
False
Is 53287 composite?
True
Is 1078937 a composite number?
False
Is 7799 a composite number?
True
Is 878 a composite number?
True
Is 301137 a prime number?
False
Is 2159 composite?
True
Is 2196785 composite?
True
Is 595481 composite?
False
Is 15943 prime?
False
Is 30427 a composite number?
False
Is 80917 a composite number?
False
Is 18779 prime?
False
Is 10487 prime?
True
Is 121379 a composite number?
False
Is 213859 composite?
False
Is 107683 prime?
False
Is 23699 a composite number?
True
Is 8287 composite?
False
Is 781237 prime?
False
Is 63401 composite?
True
Is 16217 a prime number?
True
Is 55763 a composite number?
False
Is 16078 prime?
False
Is 1104017 composite?
False
Is 20663 a composite number?
False
Is 2508593 a composite number?
False
Is 7243 a composite number?
False
Is 127767 a composite number?
True
Is 5587 prime?
False
Is 18301 a prime number?
True
Is 4897 prime?
False
Is 851 prime?
False
Is 1698679 a prime number?
True
Is 30611 prime?
False
Is 31879 a composite number?
True
Is 41159 a composite number?
True
Is 4721 a composite number?
False
Is 126059 a composite number?
True
Is 309 composite?
True
Is 1025741 a prime number?
True
Is 72191 a composite number?
True
Is 197051 composite?
True
Is 2099 a composite number?
False
Is 2155 composite?
True
Is 246769 composite?
False
Is 4415 a composite number?
True
Is 122887 composite?
False
Is 2803709 prime?
False
Is 583 a composite number?
True
Is 7717 a composite number?
False
Is 3937 composite?
True
Is 7853 a composite number?
False
Is 619 a composite number?
False
Is 98267 a composite number?
True
Is 23797 a prime number?
False
Is 6139 a composite number?
True
Is 1005637 a composite number?
False
Is 20177 prime?
True
Is 49399 composite?
True
Is 15131 composite?
False
Is 19339 prime?
False
Is 15791 a prime number?
True
Is 22739 a composite number?
False
Is 194003 a prime number?
True
Is 2219 composite?
True
Is 332393 a prime number?
True
Is 250253 a composite number?
False
Is 587459 prime?
True
Is 95231 a composite number?
False
Is 31883 composite?
False
Is 293021 a composite number?
False
Is 195574 prime?
False
Is 1023963 composite?
True
Is 17843 a prime number?
False
Is 1284791 composite?
False
Is 9865 composite?
True
Is 20569 composite?
True
Is 6581 a prime number?
True
Is 6593 a prime number?
False
Is 3245299 composite?
False
Is 22829 composite?
True
Is 47033 composite?
True
Is 69557 a composite number?
False
Is 7669 composite?
False
Is 1373959 a composite number?
False
Is 57557 a prime number?
True
Is 308411 composite?
False
Is 151391 prime?
True
Is 363227 prime?
False
Is 2358217 composite?
True
Is 24281 composite?
False
Is 1089281 composite?
True
Is 21265 a composite number?
True
Is 235574 composite?
True
Is 291143 composite?
False
Is 27149 a composite number?
True
Is 505669 composite?
False
Is 175979 a prime number?
True
Is 20693 prime?
True
Is 5987807 a composite number?
True
Is 9983 a prime number?
False
Is 20759 composite?
False
Is 875659 a prime number?
True
Is 28333 prime?
False
Is 9529 a composite number?
True
Is 97131 a composite number?
True
Is 12311 prime?
False
Is 268123 a prime number?
True
Is 698639 composite?
True
Is 129169 prime?
True
Is 358951 a composite number?
False
Is 75659 composite?
False
Is 33889 composite?
False
Is 227737 prime?
False
Is 12637 prime?
True
Is 37747 a